Let j(v) = 2*v**2 - 8*v + 64. Let d(b) = b + 2. Let f(p) = 12*d(p) - j(p). Give f(6).
8
Suppose -2*c = -t + 3, 8*t = 6*t - 3*c - 15. Let p(w) be the second derivative of 1/12*w**4 + 0 + 0*w**3 + 0*w**2 - 4*w. Determine p(t).
9
Let g(d) = d + 18. Let u(h) = -h - 19. Let x(a) = -3*g(a) - 2*u(a). Suppose 965 = -1328*n + 1589*n - 862. Determine x(n).
-23
Let n(y) = -280*y - 119. Let r(q) = 7*q + 3. Let s(g) = 6*n(g) + 238*r(g). Suppose -3*w - 3*k + 595 - 589 = 0, -2*w = 3*k - 8. What is s(w)?
28
Let p(x) = -1157*x**3 + 2311*x**3 - 1153*x**3 + 2*x - 6*x**2 + 3. Give p(5).
-12
Let i be ((-29)/1 - -21) + (-1 - -7). Let d(o) = 2*o**2 - 4*o + 2. Let h(f) = 3*f**2 - 7*f + 3. Let u(w) = 7*d(w) - 4*h(w). What is u(i)?
10
Let v be (-7)/3 + 2/(-3). Suppose -2*d + 39 = w + 15, -39 = -3*w + 5*d. Let q(x) = 52 - w + 2*x - 19 - 18. What is q(v)?
-9
Let u = -4537 - -4530. Let f(a) = 3*a**2 + 10*a + 18. Give f(u).
95
Let x(r) be the second derivative of r**5/60 + 3*r**4/8 + 17*r**3/6 - 103*r**2/2 - 103*r - 2. Let m(j) be the first derivative of x(j). Determine m(-7).
3
Let a(o) = o**3 - 16*o**2 + 14*o + 20. Suppose v + 1 = 5*i - 2, 0 = i - 2*v + 3. Let p be (-39 - -24)/(i - (3 + -1)). What is a(p)?
5
Let m(c) = 3*c**2 - 7. Let r be (6 + -6)/(-4) - -3. Calculate m(r).
20
Let p(u) = 277*u + 8870. Let y be p(-32). Let h(b) = 15*b - 81. Calculate h(y).
9
Let s(v) = -21*v**2 - 6*v + 103. Let i(j) = 23*j**2 + 8*j - 125. Let n(x) = -5*i(x) - 6*s(x). Calculate n(2).
43
Let o(f) = f - 18 + 15 - 28 + 1. Calculate o(9).
-21
Let a(b) = b**2 + 6*b + 6. Suppose 2*z = 5*w - 58 + 119, 0 = -2*w + z - 25. Give a(w).
61
Suppose -70*r = 64*r + 938. Let j(s) = s**3 + 6*s**2 - 8*s + 8. What is j(r)?
15
Let b(c) be the third derivative of -1/24*c**4 + 0*c + 0 + 5/6*c**3 + 24*c**2. What is b(0)?
5
Suppose -14 - 29 = -9*c + 20. Let z(k) = k**2 - 5*k - 2. Determine z(c).
12
Let u(k) = -48*k**2 + 2*k + 6. Let t be u(0). Let d(v) = 21*v - 127. Determine d(t).
-1
Suppose -4 = d + 3*d. Let f(s) = -14*s - 827 + 414 + 412. Calculate f(d).
13
Suppose 5*s - 240 + 250 = -0*s. Let z(o) = 2*o. Calculate z(s).
-4
Let w(q) = 7*q**2 + 5*q + 2. Suppose 10*k + 57 - 17 = 0. Let h(c) = -9*c**2 - 5*c - 3. Let j(n) = k*w(n) - 3*h(n). Calculate j(-5).
1
Suppose -2*j + 3*j - 1 = 0, -25 = -4*k - j. Let t(x) = -x**2 + 25*x - 10*x - 4*x - 7 + 16. Let l(v) = v + 1. Let o(i) = 5*l(i) - t(i). Calculate o(k).
-4
Suppose 95 = 3*k + 1475. Let z = k - -467. Let f(x) = -x**2 + 13*x - 5. Give f(z).
37
Let j(l) = -l**3 - l**2 + l + 2. Let g(d) = d**3 - 14*d**2 + 13*d - 15. Let q be g(11). Let m = q + 237. Give j(m).
-8
Let o(j) = -8*j - 52. Suppose -3*i = -2*y + 3, -5*i - 29*y = -24*y + 55. Determine o(i).
-12
Let k(s) = s**3 + s**2 - 29*s. Let g(u) = -964*u + 4825. Let o be g(5). Determine k(o).
5
Let a(y) = y**2 - 13*y + 10. Let l be (0 - 8/14)*(-35)/10. Suppose -6 = 3*j - 21, 5*m + l*j = 70. Let h be a(m). Let p(w) = -w**3 - 4*w**2 - 3*w. Give p(h).
-2
Let c(k) be the second derivative of k**5/10 - 3*k**4/4 - k**3/6 + k**2/2 + 6461*k. Give c(5).
21
Let u = 833 - 826. Let c(t) = -t**2 + 11*t + 5. Calculate c(u).
33
Let s(q) = -15*q + 353. Let b be s(23). Suppose 0 = 2*m + 4*a - 106, -11 = m + 3*a - 66. Suppose t - b*t = m. Let f(d) = -d**2 - 7*d - 7. Determine f(t).
-7
Let u(l) = -10*l**2 - 8*l**2 + 10 - 8*l**2 + 27*l**2 - 335*l + 332*l. What is u(4)?
14
Let b(p) = 3*p. Let u be b(0). Suppose u = -0*j + 7*j + 203. Let g = -25 - j. Let c(q) = 2*q**2 - 5*q. Give c(g).
12
Let i(c) = 15*c - 25*c - 10*c**2 + c**3 + c**2 - 2076 + 2056. Determine i(10).
-20
Let c(t) = -t - 5. Let r = -6751 - -6753. Give c(r).
-7
Suppose -10*j - j + 132 = 0. Let t be (-6)/j - -7*(-2)/(-4). Let u(s) = -4*s + 2*s + t*s + 2. What is u(-7)?
-5
Let k(w) be the second derivative of 93*w + 0 + 1/2*w**3 + w**2. Determine k(5).
17
Let b(a) be the second derivative of 5*a**2 - 2/3*a**3 + 16*a + 1. What is b(7)?
-18
Let s(i) = -i**2 - 2*i + 5. Let p = -362 + 177. Let q = -191 - p. What is s(q)?
-19
Suppose 638 = 5*v + 128. Let s(j) = 108*j - 326*j + v*j + 113*j. Determine s(1).
-3
Let g(p) = -3*p - 24. Suppose -4*y = 4*a + 28, -2*y + 2 = -3*a - 34. Determine g(a).
6
Let h(l) be the second derivative of -l**4/24 - 11*l**3/6 + 29*l**2/2 + 5*l - 12. Let q(p) be the first derivative of h(p). Give q(-6).
-5
Let h(v) = -9*v - 54 + 4 - 16. Let b be h(-8). Let s(d) = -16 + b - 11*d + 7 + 2. Determine s(1).
-12
Let a be 768/2560 - 2/(-60). Let n(j) be the first derivative of -5*j**2 + 8 - 7*j - a*j**3. Give n(-6).
17
Let c(r) = 2*r**2 - 42*r + 139. Suppose 17*k - w - 296 = -2*w, 3*w = -k + 38. Give c(k).
3
Let h(n) be the second derivative of -92*n - 3/2*n**2 + 1/2*n**3 + 0. Determine h(3).
6
Let v(j) be the second derivative of -j**5/20 - 5*j**4/4 + 3*j**3 + 23*j**2 - 3860*j. Calculate v(-16).
14
Suppose 0 = 129*h - 120*h + 27. Let v(t) = t**3 + t**2 + 3*t + 2. Give v(h).
-25
Suppose 105*a + 231 = 36*a + 24. Let n(v) = -2*v**2 - 8*v + 1. Calculate n(a).
7
Let j(p) = -p - 4. Let l = 118 + -118. Let s be ((-12)/(l + 3) - 1) + -3. What is j(s)?
4
Let y(m) = -2*m**3 - 20*m**2 + 10*m + 13. Let v(u) = -2*u**2 - 166*u - 2254. Let x be v(-66). What is y(x)?
-87
Suppose -30 = -a - 4*a. Suppose 5*b - 3*q = 48 + 45, -5*b - 4*q + 86 = 0. Let i(u) = 8 - b*u + 7*u + 10*u. What is i(a)?
2
Let l(x) be the second derivative of -x**5/20 + x**4 + x**3 + 89*x**2/2 - 8382*x. Calculate l(13).
-2
Let f = 8 - 21. Let u = 5 + f. Let y(n) = 3*n**2 - 7*n - 5. Let p(c) = 2*c**2 + 2*c + 3. Let d(h) = -2*p(h) + y(h). Determine d(u).
13
Let g(o) = -6*o - 8. Let y = 2973 - 2963. Give g(y).
-68
Let l(x) = -x - x**3 + 3 + 5*x**2 - 13 + 9*x - x + 3. Give l(6).
-1
Let o be (-33)/(-9) - (-3 - (-11)/3). Suppose 0 = o*b - 4*i + 6, -2*i = 2*b - 5*b. Let f(h) = 7*h**2 + b + 46*h - 3 - 46*h. Determine f(-1).
6
Let p = -2346 - -2351. Let i(b) be the first derivative of b**2 - 8*b - 2. What is i(p)?
2
Let o(s) = -102. Let g(r) = r - 94. Let z(l) = -g(l) + o(l). Suppose -7 + 21 = -2*t. Determine z(t).
-1
Suppose 3*h + 5 = -1. Let g(a) = 829*a - 206*a - 3*a**3 - 204*a - 207*a - 210*a + 0*a**3 + 2. What is g(h)?
22
Suppose -5*c + 6 = -14. Suppose u + 25 = 3*r, 2*r - c*u - 18 - 2 = 0. Let y(n) = n**2 - 7*n - 12. Calculate y(r).
-4
Let n(b) = -b**3 + 24*b**2 + 29*b - 40. Let v = 15914 + -15889. Determine n(v).
60
Let y(s) = -s + 2. Let b(k) = 45 - 3*k - 14 - 10 - 14. Let m(q) = b(q) - 4*y(q). Determine m(2).
1
Let x be -24 - 2*(-6)/(-4). Let o = x + 30. Suppose -2*t = -k, o*k - 4*t = -0*t + 6. Let u(h) = -h**3 + 7*h**2 - 7*h + 1. Determine u(k).
-5
Let g(z) = 5*z**3 + 10*z**2 + 7*z - 19. Let a(k) = -k**3 + k**2 - 2*k + 8. Let f(q) = -4*a(q) - g(q). Determine f(-14).
-27
Let i(t) be the first derivative of -t**5/60 + t**4/24 - 57*t**2/2 - 124. Let x(u) be the second derivative of i(u). Give x(1).
0
Suppose 5*x = 4*o - 2, x + 0*x + o = -4. Let v be (10/(-30))/(x/30). Let z(t) = -8*t + 10*t + v + 18*t**2 - 6. Give z(1).
19
Let q = 68 - 63. Let w be 17/q + 39/15 + -3. Let b(d) = 3*d**3 - 4*d - 5*d**3 - 1 + 6*d**2 - d**3 + 2*d**w. Give b(5).
4
Let l(s) = 6*s**3 - s**2 - s - 1. Let v = -8682 - -8680. Give l(v).
-51
Suppose 0 = 67*q - 106*q - 117. Let u(h) = 15*h + 46. Give u(q).
1
Let p(t) be the third derivative of -5*t**4/12 - t**3/3 + 2*t**2 + 11. What is p(6)?
-62
Let p(l) = l**2 + 9*l + 16. Let w(d) = d**3 + d**2 - 13*d + 8. Let g be w(4). Suppose -g*b - 175 = -11*b. Determine p(b).
2
Let y(b) = -b**3 - 6*b**2 - b + 6. Let r = 10 - -5. Let c be ((-12)/((-2)/(-1)))/(r/(-10)). Suppose 8 = 2*k + 5*p + 28, k - 3 = c*p. Give y(k).
-14
Let a(w) = -2*w**3 - w**2 + 2*w - 3. Suppose -190 + 34 - 104 = -130*r. Give a(r).
-19
Let d(z) = z**3 + 13*z**2 + 55*z + 77. Let o be d(-5). Let c(x) = x**3 + x**2 + 2. Give c(o).
14
Let q(l) be the third derivative of -l**6/720 + l**5/20 + l**4/24 - l**3 - 3*l**2 - 17*l. Let u(f) be the second derivative of q(f). What is u(4)?
2
Let c(m) = -7 - 2*m**3 + m**3 - 1085*m**2 + 2143*m**2 - 1091*m**2. Determine c(-33).
-7
Let k(q) = 6*q**3 - q**3 - 6*q**3 + 3*q + q - 7*q**2. Let j(i) = i**2 - 4*i - 172. Let l be j(15). Determine k(l).
-28
Let x = -851 + 833. Let l(w) = w**3 + 18*w**2 + 2*w + 37. Determine l(x).
1
Let l(y) = -y**2 - 8*y + 6. Let j = 84 + -82. Suppose 0 = 4*v + j*v - 42. Le